{"id":1878,"date":"2018-04-30T06:46:15","date_gmt":"2018-04-30T06:46:15","guid":{"rendered":"http:\/\/mqperformance.ch.80-74-153-170.malta.metanet.ch\/?page_id=1878"},"modified":"2022-12-21T08:47:03","modified_gmt":"2022-12-21T07:47:03","slug":"werkstatt","status":"publish","type":"page","link":"https:\/\/mqperformance.ch\/?page_id=1878","title":{"rendered":"Werkstatt"},"content":{"rendered":"<p>Das Herzst\u00fcck von mq performance ist die kleine aber feine Motorradschmiede. Hier k\u00fcmmern wir uns um alle anstehenden Arbeiten. Seien es Reifenwechsel, Servicearbeiten, Umbauten, Restaurationen oder massgeschneiderte Umsetzungen. Alle Arbeiten werden unter Ber\u00fccksichtigung der Herstellervorgaben ausgef\u00fchrt.<\/p>\n<p>Die T\u00fcren und Tore stehen zu jedem Zeitpunkt offen, damit man dem Meister pers\u00f6nlich \u00fcber die Schulter gucken kann.<\/p>\nngg_shortcode_0_placeholder\n","protected":false},"excerpt":{"rendered":"<p>Das Herzst\u00fcck von mq performance ist die kleine aber feine Motorradschmiede. Hier k\u00fcmmern wir uns um alle anstehenden Arbeiten. Seien es Reifenwechsel, Servicearbeiten, Umbauten, Restaurationen oder massgeschneiderte Umsetzungen. Alle Arbeiten werden unter Ber\u00fccksichtigung der Herstellervorgaben ausgef\u00fchrt. Die T\u00fcren und Tore stehen zu jedem Zeitpunkt offen, damit man dem Meister pers\u00f6nlich \u00fcber die Schulter gucken kann.<a href=\"https:\/\/mqperformance.ch\/?page_id=1878\" class=\"more-link\">Continue reading <span class=\"screen-reader-text\">Werkstatt<\/span><\/a><\/p>\n","protected":false},"author":1,"featured_media":0,"parent":0,"menu_order":0,"comment_status":"closed","ping_status":"closed","template":"","meta":{"_exactmetrics_skip_tracking":false,"_exactmetrics_sitenote_active":false,"_exactmetrics_sitenote_note":"","_exactmetrics_sitenote_category":0,"ngg_post_thumbnail":0,"footnotes":""},"class_list":["post-1878","page","type-page","status-publish","hentry"],"_links":{"self":[{"href":"https:\/\/mqperformance.ch\/index.php?rest_route=\/wp\/v2\/pages\/1878","targetHints":{"allow":["GET"]}}],"collection":[{"href":"https:\/\/mqperformance.ch\/index.php?rest_route=\/wp\/v2\/pages"}],"about":[{"href":"https:\/\/mqperformance.ch\/index.php?rest_route=\/wp\/v2\/types\/page"}],"author":[{"embeddable":true,"href":"https:\/\/mqperformance.ch\/index.php?rest_route=\/wp\/v2\/users\/1"}],"replies":[{"embeddable":true,"href":"https:\/\/mqperformance.ch\/index.php?rest_route=%2Fwp%2Fv2%2Fcomments&post=1878"}],"version-history":[{"count":7,"href":"https:\/\/mqperformance.ch\/index.php?rest_route=\/wp\/v2\/pages\/1878\/revisions"}],"predecessor-version":[{"id":2369,"href":"https:\/\/mqperformance.ch\/index.php?rest_route=\/wp\/v2\/pages\/1878\/revisions\/2369"}],"wp:attachment":[{"href":"https:\/\/mqperformance.ch\/index.php?rest_route=%2Fwp%2Fv2%2Fmedia&parent=1878"}],"curies":[{"name":"wp","href":"https:\/\/api.w.org\/{rel}","templated":true}]}}